
Is 6739 composite?
True
Is 75877 a composite number?
True
Is 10973 composite?
False
Is 2059 prime?
False
Is 13223 a composite number?
True
Is 11047 composite?
False
Is 9233 composite?
True
Is 72967 prime?
False
Is 15245 a composite number?
True
Is 1047533 a composite number?
False
Is 417 composite?
True
Is 14507 composite?
True
Is 2082247 a prime number?
True
Is 2609317 prime?
False
Is 8999 a composite number?
False
Is 673879 prime?
True
Is 8353 a composite number?
False
Is 209315 composite?
True
Is 3356839 prime?
False
Is 526033 composite?
True
Is 3989 a composite number?
False
Is 11519 composite?
False
Is 52783 a composite number?
False
Is 34027 composite?
True
Is 1733 composite?
False
Is 52423 prime?
False
Is 213143 a prime number?
False
Is 21247 composite?
False
Is 1962481 composite?
True
Is 27733 a composite number?
False
Is 81839 a composite number?
False
Is 1080139 a composite number?
True
Is 72595 a composite number?
True
Is 145 composite?
True
Is 799367 composite?
True
Is 27143 prime?
True
Is 2279 prime?
False
Is 14813 prime?
True
Is 57659 a prime number?
False
Is 5639 a prime number?
True
Is 681589 a prime number?
True
Is 8663 composite?
False
Is 4287 a prime number?
False
Is 17287 a composite number?
True
Is 14303 a prime number?
True
Is 113437 a prime number?
True
Is 187483 a composite number?
True
Is 40193 a prime number?
True
Is 10831 composite?
False
Is 54203 prime?
False
Is 553 a composite number?
True
Is 7115 prime?
False
Is 761 composite?
False
Is 46439 a composite number?
False
Is 6101 a composite number?
False
Is 456947 a prime number?
False
Is 8713 a composite number?
False
Is 186767 prime?
False
Is 170741 a composite number?
False
Is 22501 a prime number?
True
Is 3551 composite?
True
Is 122407 a prime number?
False
Is 7669 a prime number?
True
Is 13781 a composite number?
False
Is 17291 composite?
False
Is 2323 composite?
True
Is 645227 a composite number?
True
Is 5941 composite?
True
Is 1637 a composite number?
False
Is 3863 a composite number?
False
Is 6389 a composite number?
False
Is 249173 a composite number?
True
Is 39781 composite?
True
Is 1539049 a prime number?
True
Is 42221 composite?
False
Is 20015 a composite number?
True
Is 6229 prime?
True
Is 8749 composite?
True
Is 10261 a prime number?
False
Is 3629 composite?
True
Is 60037 prime?
True
Is 13367 a composite number?
False
Is 358669 prime?
True
Is 70823 a composite number?
False
Is 90161 a composite number?
True
Is 104927 prime?
False
Is 490834 prime?
False
Is 337193 a composite number?
True
Is 242357 prime?
True
Is 226601 prime?
True
Is 202307 a composite number?
True
Is 25663 composite?
True
Is 9797 composite?
True
Is 10921 prime?
False
Is 105223 a composite number?
True
Is 22201 prime?
False
Is 361619 a prime number?
False
Is 48131 prime?
True
Is 93281 a composite number?
False
Is 3773407 a prime number?
False
Is 54109 prime?
False
Is 10342 composite?
True
Is 85339 composite?
True
Is 39257 a composite number?
True
Is 8209 a composite number?
False
Is 2179 prime?
True
Is 11278 a composite number?
True
Is 158059 a composite number?
True
Is 18041 composite?
False
Is 361723 prime?
True
Is 107761 prime?
True
Is 72313 composite?
False
Is 664271 a prime number?
True
Is 1078243 a composite number?
True
Is 9227 prime?
True
Is 7319 composite?
True
Is 1058885 composite?
True
Is 5173 a prime number?
False
Is 25939 prime?
True
Is 1147 composite?
True
Is 12473 prime?
True
Is 844601 prime?
True
Is 9649 a composite number?
False
Is 22535 a composite number?
True
Is 20198 a composite number?
True
Is 3821 a prime number?
True
Is 27883 a composite number?
False
Is 119807 a composite number?
True
Is 451565 a prime number?
False
Is 120451 a prime number?
False
Is 30293 prime?
True
Is 1105957 a composite number?
True
Is 2633 composite?
False
Is 13523 a prime number?
True
Is 24965 prime?
False
Is 2707 prime?
True
Is 881911 prime?
True
Is 419 a prime number?
True
Is 575373 a composite number?
True
Is 9113 composite?
True
Is 28459 prime?
False
Is 49331 a composite number?
False
Is 701089 a prime number?
True
Is 7509 a composite number?
True
Is 46241 prime?
False
Is 21209 composite?
True
Is 2171 composite?
True
Is 15373 prime?
True
Is 2333 composite?
False
Is 18514 a composite number?
True
Is 732577 prime?
False
Is 9967 a composite number?
False
Is 171863 a composite number?
False
Is 681781 a prime number?
True
Is 621611 composite?
False
Is 187463 a prime number?
True
Is 119963 a composite number?
False
Is 131991 a prime number?
False
Is 1109839 composite?
False
Is 50477 a composite number?
True
Is 2402 a composite number?
True
Is 82333 composite?
True
Is 95311 prime?
True
Is 360097 a prime number?
False
Is 14941 a composite number?
True
Is 493586 composite?
True
Is 69619 a composite number?
True
Is 100357 a prime number?
True
Is 67753 composite?
True
Is 173291 a composite number?
False
Is 837191 a prime number?
True
Is 606899 a prime number?
True
Is 10895 composite?
True
Is 80471 a composite number?
False
Is 437947 prime?
True
Is 1911301 a composite number?
True
Is 436681 prime?
False
Is 26903 composite?
False
Is 790537 prime?
False
Is 124289 a composite number?
True
Is 658783 composite?
False
Is 430121 prime?
True
Is 258121 a prime number?
False
Is 162467 a prime number?
False
Is 80309 prime?
True
Is 5579 a composite number?
True
Is 287981 composite?
True
Is 89189 a prime number?
True
Is 12813 prime?
False
Is 12333 a composite number?
True
Is 3812647 a prime number?
True
Is 108403 composite?
True
Is 25649 composite?
True
Is 149893 prime?
True
Is 681607 a prime number?
True
Is 930479 a prime number?
False
Is 7226 a prime number?
False
Is 74959 a composite number?
False
Is 10397 a prime number?
False
Is 239377 prime?
False
Is 27439 a prime number?
False
Is 61207 a composite number?
True
Is 43345 prime?
False
Is 22937 composite?
False
Is 9507 a prime number?
False
Is 41381 composite?
False
Is 1028201 composite?
False
Is 52645 a composite number?
True
Is 7069 prime?
True
Is 164911 a composite number?
False
Is 26339 composite?
False
Is 10453 prime?
True
Is 40966 a prime number?
False
Is 516151 composite?
False
Is 1425805 a prime number?
False
Is 77917 prime?
False
Is 587 a composite number?
False
Is 61891 prime?
False
Is 407 composite?
True
Is 280001 composite?
False
Is 8941 prime?
True
Is 73069 prime?
False
Is 467927 a composite number?
False
Is 480647 a prime number?
True
Is 28961 a composite number?
False
Is 23249 a composite number?
True
Is 2483 composite?
True
Is 125611 a composite number?
True
Is 22921 prime?
True
Is 915839 a prime number?
True
Is 124378 composite?
True
Is 678809 prime?
True
Is 9731 prime?
False
Is 71653 a composite number?
True
Is 2784701 a prime number?
True
Is 43931 prime?
False
Is 17609 a prime number?
True
Is 246305 composite?
True
Is 176183 a composite number?
True
Is 37027 a composite number?
True
Is 137627 a composite number?
True
Is 82067 a prime number?
True
Is 17377 composite?
False
Is 15193 prime?
True
Is 698167 composite?
True
Is 8962 composite?
True
Is 20981 a composite number?
False
Is 971 a composite number?
False
Is 153817 a composite number?
False
Is 507193 composite?
False
Is 21763 prime?
False
Is 19853 prime?
True
Is 730819 prime?
True
Is 19181 composite?
False
Is 20074 a composite number?
True
Is 3137 a prime number?
True
Is 3491 a prime number?
True
Is 7829 composite?
False
Is 32449 prime?
False
Is 341209 prime?
False
Is 914113 a composite number?
True
Is 280753 prime?
False
Is 27029 a prime number?
False
Is 4871 composite?
False
Is 159287 a composite number?
False
Is 1658 prime?
False
Is 2519 prime?
False
Is 227869 composite?
False
Is 1973 a prime number?
True
Is 14629 a prime number?
True
Is 40459 a prime number?
True
Is 155921 composite?
False
Is 9587 prime?
True
Is 93031 prime?
False
Is 63197 a prime number?
True
Is 50763 composite?
True
Is 7141 composite?
True
Is 84691 a composite number?
False
Is 19277 composite?
True
Is 4327 prime?
True
Is 529513 a composite number?
False
Is 262433 a composite number?
False
Is 614 a prime number?
False
Is 257747 composite?
True
Is 14107 prime?
True
Is 6197 a prime number?
True
Is 510661 a composite number?
True
Is 124571 composite?
True
Is 9242 a prime number?
False
Is 52879 a composite number?